t is the value of 44 + -38 - (-1 - -13)?
-6
Evaluate -13 - -10 - 10 - (23 + -5).
-31
Calculate (7 - 2 - -8) + 11 + -7 + 5.
22
What is (-14 - -19) + (-19 - 6) + -8 + -1?
-29
-3 - (26 + -27 + (8 - (3 + 0)))
-7
What is the value of (-3 - -15 - ((22 - 10) + -12)) + -37?
-25
(71 - (-56 - -113)) + (4 - -1)
19
What is (-34 - -45 - -2) + 1 + 1?
15
What is the value of (-1 - -13) + (7 - -10) + -5?
24
Calculate (-1 - (-7 + 1) - 1 - -4) + 3.
11
-11 + 71 + -52 - (0 - 10)
18
Calculate (1573 - 1580) + 1 + -1 + 0.
-7
What is the value of -24 + 11 + 5 - -18?
10
What is -3 + (10 - (2 - 1)) + -52 + 37?
-9
What is -14 + (-28 - (-36 - -23))?
-29
Calculate 9 - (14 + -7 + -5).
7
Calculate (1 - -23) + (-13 - 0).
11
What is -9 + -10 + (-1 - (-8 + 1)) - 4?
-17
What is -5 - (-13 + 3 + -13 + 8)?
10
What is (4 - (-13 + 27)) + 0?
-10
What is 15 + (-44 - (-15 + (-14 - -14)))?
-14
Evaluate 10 + (12 + -1 + 1 - 8).
14
What is -2 + 4 - (-5 - -3) - -1?
5
Calculate -201 + 206 + 5 + 0 + -12.
-2
What is -3 + (-13 - -9) + (9 - 0)?
2
What is the value of 7 + 2 - (85 - 41) - -9?
-26
Calculate 2 + -9 - (28 + -19 - 6).
-10
4 - 22 - (21 + -30 + (5 - 2))
-12
Calculate (-37 - -4 - -60) + -20.
7
(23 - 10) + -5 + (-2 - 0)
6
What is the value of 16 + (29 - 16 - 27)?
2
What is -4 + (5 - ((0 - 6) + 16)) - -2?
-7
Calculate 0 - 4 - (0 + (8 - 5) + -6).
-1
Evaluate (19 - 23) + -4 + 7 + -8 + -2.
-11
What is -35 - (7 - (3 + 32))?
-7
Evaluate -14 + 26 - (18 - 8).
2
Calculate -25 + 0 - (396 - 411).
-10
Calculate -9 + -26 + 11 + 20.
-4
What is the value of -12 - (-30 - 9) - 23?
4
Evaluate -1 + (0 - 7) - (-33 - -9).
16
Calculate (-5 + 13 + (0 - 12) - -10) + -8.
-2
What is 378 + -372 + (-4 - (-1 - (0 + -1)))?
2
Calculate (6 - 8 - (6 - 14)) + -26 - -3.
-17
2 + -1 + -27 - (-1041 + 1033)
-18
Evaluate -1491 + 1504 + 0 + (-5 - 1).
7
What is 15 + (9 + 29 - (5 - -15))?
33
What is -2 + -19 - (585 - 606)?
0
0 + 11 + -2 + -1 + -13 + 17
12
What is 6 - (5 - 10 - (-7 + 5 + -5))?
4
-13 + 11 + (-5 - -5) + 2
0
Evaluate -11 + 1 + 619 + -588.
21
What is 18 + (-20 + 11 + 16 - (0 - -4))?
21
Calculate (-2 - 5) + -5 + (-3 - 3) + 6.
-12
Calculate 8 + -7 + -7 + 0 - -2.
-4
Evaluate 4 + (-10 - -2) + (-7 - (-9 + -1)).
-1
Evaluate -2 - ((-12 - -1) + (5 - 5 - -4)).
5
Evaluate (-6 + 10 + -12 - 6) + -10.
-24
Calculate (18 - 5) + 100 + -119.
-6
What is -26 - (-24 + 3 + -12)?
7
Calculate 7 + (3 + 3 + 7 - 8).
12
Calculate -16 - (-3 + (2 - (5 + -9))).
-19
What is -1 + 7 + 7 + 9 + -15?
7
Evaluate 1 + (-4 - 3) + -2 - -6.
-2
Evaluate 23 - -1 - (273 + -271) - 7.
15
What is 24 + (-9 + 17 - 6) + -14?
12
Evaluate 7 + (-3 - (-11 - 4) - 7).
12
What is the value of (-17 + 20 - 17) + 1?
-13
Evaluate (4 - -1) + (-1 - -14) - (-79 - -78).
19
(7 + -3 - -26) + (4 + -11 - 1)
22
(2 - -2) + -9 + 5 - (-8 + 15)
-7
What is the value of (6 - -9) + -15 + 0 + -4 - 7?
-11
Evaluate -5 - -11 - (2 + 13 + 11).
-20
Evaluate 6 + 0 + 69 + -25 + -34.
16
Calculate -3 - -1 - (10 - 6) - (-16 - -5).
5
1 + 7 + 4 + -26
-14
Evaluate 33 - (3 + 10 + 6).
14
What is the value of -34 - ((-7 - 3) + -5)?
-19
Calculate -19 + 1 + -10 + 16 + 3.
-9
What is the value of (37 - 27) + -15 - (0 - 4)?
-1
Evaluate (-8 - ((-1 - 22) + 11)) + -20 + -1.
-17
Calculate -10 + 0 + (-594 - -605).
1
(-11 - -3) + (2 - -1) + -7
-12
Calculate 7 - (-28 + 27 - (10 - 1)).
17
Evaluate -13 - (-31 + 3 - -14).
1
Evaluate -3 + -18 + 15 + 4.
-2
What is 12 + 0 - (55 + -58)?
15
What is the value of (-5 - -13 - 6) + -6 + 0 + -1?
-5
What is the value of 17 - (63 + (-32 - -14) - 10)?
-18
What is the value of 1 + 12 + (16 + -5 - 6) + 5?
23
7 + (-8 + 7 - 1) + 0
5
What is the value of 0 + -17 - 4 - -14?
-7
Evaluate -39 + 45 + ((-6 - -2) + -2 - -3).
3
Evaluate 5 + 3 + (0 - 4) + -1 + 8.
11
(-16 - 1) + (18 + -2 - -19)
18
What is 29 - 1 - 22 - 21?
-15
Evaluate -1 - (-9 + (6 - (-10 + 4 + -2))).
-6
-1 + (14 - 0) + (-163 - -156)
6
-18 + (12 - (-12 - -10)) - 2
-6
0 - (-17 - -3) - 21
-7
-8 - -2 - 14 - (-3 + -9)
-8
Evaluate (-5 - -3) + -7 + 5 + -3 + -1.
-8
Calculate 26 + -13 - -5 - (78 - 26).
-34
1 + -1 + (7 - (-1 - -15) - -12)
5
Evaluate -15 + (-4 - -7 - 5) + 6.
-11
What is -26 + -4 + -17 + 61?
14
Calculate -19 + -5 - -18 - (1 - 14).
7
What is the value of -14 + -21 + 39 + -2?
2
What is (-8 - -23) + (19 - 24)?
10
What is (3 - (0 - -3) - (-15 - -16)) + -2?
-3
10 - (-6 + 17) - (0 - 15)
14
23 + (-30 - -24) + (-8 - 2) + -2
5
Calculate (17 - -9) + -40 + -14.
-28
0 - 1 - (-169 + 183)
-15
What is the value of (-14 - -6) + -1 - (-5 + 7 + 3)?
-14
0 + (-4 - -9) + -1 + -2 + 6
8
Calculate -3 + 1 + (-2 - 2) + -12 + 10.
-8
What is -3 + 30 + -7 - 31?
-11
Evaluate 7 + -12 + -3 + 10 + -26 + 4.
-20
Evaluate 22 + 44 + -84 - (1 - 0).
-19
6 - (-8 - -13) - (-2 + (-1 - -3))
1
Calculate -4 + (20 - (-1 + 3 - 4 - -8)).
10
-120 + 140 + (-1 - 13)
6
43 + -40 + (3 + 0 + -6 - 12)
-12
Evaluate 0 - 6 - (8 + 8 + -10).
-12
What is (81 - 147) + 77 + (0 - -6)?
17
Calculate -6 + (2 - (5 + 4)).
-13
What is 38 - (10 - (-23 - -4))?
9
Evaluate 0 + -2 + -4 + (-4 - (-9 - -5)).
-6
What is the value of 51 + -27 - -1 - 34?
-9
What is 279 - 274 - ((2 - 2) + 5 + -3)?
3
Calculate (1 - (-9 - 1)) + 3.
14
What is the value of (-3 - (4 + -2 + -7)) + 9 + -15?
-4
Evaluate 0 + -10 - (42 + (-12 - 58)).
18
Evaluate 835 + -847 - (2 - (21 - -1)).
8
What is the value of 21 + -31 + (-11 + 6 - (0 + -1))?
-14
Calculate 0 + (16 - -3) - 30.
-11
Evaluate (2 - 2 - -10) + -7 + -6.
-3
What is the value of -4 + -21 + 49 + -6?
18
Calculate -2 - ((-1 - -4) + -4 + 5 - 7).
1
What is the value of -9 - (10 + (3 - (-1 - -22))) - -3?
2
Evaluate 1 + 13 + (-2 - (-7 + 14)).
5
Calculate 0 + (0 + 5 - 1 - 3) + -10.
-9
Calculate (12 + (-2 + 8 - 9) - -6) + -2.
13
What is 4 - (1 - 0 - 0 - (-34 - -23))?
-8
What is (-14 - -10) + (9 - 34) + 9?
-20
Calculate 1 + 2 + (-12 - (-11 - 7)).
9
Evaluate -1 + -5 - (-53 - (-30 - (-18 + 12))).
23
Calculate -942 - -909 - (-21 - -1).
-13
What is -10 + 10 - (-1 + 7 + -1)?
-5
What is the value of (14 - -3) + 6 + 0?
23
Calculate 0 - -16 - (-28 + 37 + 0).
7
-1 + (20 + -14 - -5)
10
Calculate 16 + -8 - ((18 - 8 - -4) + -5).
-1
543 + -551 + (23 - 1) + 2
16
What is (32 - 31) + -28 + 6?
-21
What is the value of -14 - (21 + -17 + (-4 - -4))?
-18
(11 - (1 + -1)) + (66 - 59)
18
What is the value of 58 + -70 - (0 - -3)?
-15
Calculate -4 + -14 - (-33 + -15).
30
What is the value of 4 + 2 + -3 + -17?
-14
Calculate (-24 - -20 - 25) + 32.
3
What is -20 + 21 + (-18 - -8) + -8?
-17
What is the value of -229 + 241 - (-2 - (18 + -4))?
28
6 + (-2 - (9 + -18 + -3))
16
What is 1 + (-2 - -10) + (355 - 344)?
20
2 + 17 + (-26 + 27 - 10)
10
Evaluate 3 + (3 - ((-4 - 6) + 6 + 3)).
7
(-2 - -9) + -7 + (5 - 4) + 5
6
Calculate (9 - (-5 - 5)) + -6 - (0 - -1).
12
-11 + (-1 - -14) - (7 - (6 + -11))
-10
5 + (-7 - -14) + -12 + 1 + -1
0
What is the value of 11 + (41 - 21) - 13?
18
Evaluate 8 - (-9 + 3 + -9 + 1).
22
Evaluate -6 + -13 + 39 + -8.
12
Calculate (6 - -1 - 2) + 116 + -115.
6
What is the value of 7 - (17 + -10 + 6) - -25?
19
Calculate -2 - (-5 - (1 - 4)) - 10.
-10
What is -6 + 5 + 9 + 1?
9
Calculate 24 + 6 + 4 + (29 - 33).
30
What is the value of -11 - (5 + -8 + -9)?
1
Evaluate 9 - ((-70 - -75) + (-1 - -3) + -10).
12
What is 41 - (9 + -3 - (-32 - (-4 - 22)))?
29
What is -18 + 20 + (1 - -18 - (12 + -9))?
18
3 - 15 - (8 - (8 - 2))
-14
(3 - (0 - -10)) + 7
0
Calculate (5 - -17) + -12 + -3.
7
Evaluate 0 + -4 - (-32 - -62 - 49).
15
Evaluate -6 - ((-4 - 0 - -34) + (40 - 42)).
-34
Evaluate -24 - (-5 + 12 - 45).
14
What is the value of 13 - 2 - -8 - 30?
-11
Evaluate -9 - (-7 - (1 - 1) - 3).
1
Calculate -14 + (24 - (-10 + 3 + 8)).
9
What is the value of 10 + ((-6 - 2) + -1 - (-45 + 43))?
3
What is the value of (-3 - (3 + -6 - 8)) + -24?
-16
Evaluate -22 - -10 - -23 - -3.
14
What is 8 + (14 - 18) + (-7 - 1) + 1?
-3
(9 + -52 - -69) + -15
11
-8 + 6 - -4 - -9
11
Calculate (-9 - (-31 - -9)) + -3 + -5.
5
Evaluate 0 + (3 - (2 + -2)) - (-99 + 91).
11
What is the value of (34 - 17) + -33 - -11?
-5
What is the value of -5 + (-36 - -39) + 0 + 4?
2
What is the value of -32 + 6 + -1 - (-18 + 6)?
-15
What is (7 - 8) + -1 - (10 - (-9 + 4))?
-17
-22 - -20 - -9 - (14 + -1)
-6
What is the value of 13 - ((26 - 14 - 14) + -3)?
18
Evaluate (-67 - -38) + -1 + 35.
5
14 - (-7 - 0 - -15)
6
What is -3 + 0 + 2 + (-19 - -7)?
-13
What is the value of -